 the prime factors of 236455?
5, 19, 131
What are the prime factors of 6385778?
2, 7, 17, 3833
What are the prime factors of 487592?
2, 7, 8707
What are the prime factors of 3712498?
2, 31, 59879
What are the prime factors of 18521?
18521
What are the prime factors of 1243317?
3, 29, 31, 461
What are the prime factors of 7060111?
7060111
What are the prime factors of 6646882?
2, 11, 431, 701
List the prime factors of 17685209.
251, 70459
List the prime factors of 1153284.
2, 3, 11, 8737
What are the prime factors of 5068067?
5068067
What are the prime factors of 1644216?
2, 3, 7, 9787
List the prime factors of 1179650.
2, 5, 23593
What are the prime factors of 176211?
3, 7, 2797
List the prime factors of 297977.
19, 15683
List the prime factors of 231793.
193, 1201
What are the prime factors of 35533?
35533
What are the prime factors of 574914?
2, 3, 95819
What are the prime factors of 319544?
2, 59, 677
List the prime factors of 272566.
2, 7, 19469
List the prime factors of 5476868.
2, 1369217
List the prime factors of 223053.
3, 149, 499
List the prime factors of 694882.
2, 157, 2213
List the prime factors of 34984099.
1787, 19577
List the prime factors of 2138178.
2, 3, 7, 50909
What are the prime factors of 40736?
2, 19, 67
List the prime factors of 6726692.
2, 7, 79, 3041
List the prime factors of 2531764.
2, 632941
What are the prime factors of 9371779?
83, 112913
What are the prime factors of 123502?
2, 61751
List the prime factors of 589658.
2, 294829
List the prime factors of 2563103.
73, 35111
What are the prime factors of 37211192?
2, 4651399
List the prime factors of 207244.
2, 197, 263
What are the prime factors of 1929331?
1929331
List the prime factors of 183476.
2, 45869
List the prime factors of 481540.
2, 5, 24077
List the prime factors of 4691496.
2, 3, 195479
List the prime factors of 11456851.
7, 53, 30881
List the prime factors of 76523.
59, 1297
What are the prime factors of 1076265?
3, 5, 23917
List the prime factors of 4392155.
5, 109, 8059
List the prime factors of 2037335.
5, 277, 1471
List the prime factors of 244866.
2, 3, 37, 1103
List the prime factors of 4340683.
19, 228457
What are the prime factors of 5668011?
3, 629779
What are the prime factors of 499239?
3, 13, 17, 251
What are the prime factors of 7055222?
2, 3527611
What are the prime factors of 1311208?
2, 163901
List the prime factors of 608011.
608011
What are the prime factors of 9202160?
2, 5, 11, 10457
What are the prime factors of 659361?
3, 219787
What are the prime factors of 2462467?
7, 17, 20693
What are the prime factors of 385525?
5, 7, 2203
List the prime factors of 1523956.
2, 7, 37, 1471
What are the prime factors of 404122?
2, 202061
List the prime factors of 5537902.
2, 31, 179, 499
What are the prime factors of 7080788?
2, 11, 13, 12379
List the prime factors of 2401615.
5, 67, 107
What are the prime factors of 168335?
5, 131, 257
What are the prime factors of 903196?
2, 7, 32257
What are the prime factors of 4345667?
47, 92461
List the prime factors of 137346.
2, 3, 11, 2081
What are the prime factors of 6979685?
5, 173, 8069
What are the prime factors of 1589573?
1589573
List the prime factors of 11476350.
2, 3, 5, 8501
List the prime factors of 36473387.
29, 59, 21317
What are the prime factors of 143334?
2, 3, 7963
What are the prime factors of 2211686?
2, 199, 5557
What are the prime factors of 1875874?
2, 7, 11, 13, 937
List the prime factors of 15782276.
2, 37, 106637
List the prime factors of 36456980.
2, 5, 7, 37201
List the prime factors of 12340691.
11, 17, 65993
What are the prime factors of 1931642?
2, 17, 56813
List the prime factors of 136129.
7, 19447
List the prime factors of 7163395.
5, 1432679
List the prime factors of 583473.
3, 11, 17681
List the prime factors of 13721174.
2, 6860587
What are the prime factors of 2547893?
2547893
List the prime factors of 145428.
2, 3, 12119
List the prime factors of 206335.
5, 29, 1423
List the prime factors of 645325.
5, 83, 311
What are the prime factors of 33993084?
2, 3, 37, 76561
List the prime factors of 927677.
927677
What are the prime factors of 207369?
3, 23041
List the prime factors of 23955332.
2, 5988833
List the prime factors of 996285.
3, 5, 17, 3907
List the prime factors of 6589984.
2, 205937
List the prime factors of 636101.
19, 33479
List the prime factors of 4446339.
3, 233, 6361
List the prime factors of 3712057.
401, 9257
List the prime factors of 2757828.
2, 3, 229819
List the prime factors of 17751059.
17751059
What are the prime factors of 600779?
367, 1637
What are the prime factors of 1382893?
1382893
List the prime factors of 2402144.
2, 271, 277
What are the prime factors of 1092116?
2, 273029
List the prime factors of 21980.
2, 5, 7, 157
What are the prime factors of 1403011?
659, 2129
What are the prime factors of 14032183?
11, 613, 2081
What are the prime factors of 6487282?
2, 167, 19423
List the prime factors of 4410883.
557, 7919
List the prime factors of 4056459.
3, 11, 83, 1481
List the prime factors of 937352.
2, 13, 9013
What are the prime factors of 461561?
461561
List the prime factors of 1193658.
2, 3, 198943
List the prime factors of 244676.
2, 61169
What are the prime factors of 326715?
3, 5, 23, 947
List the prime factors of 15011630.
2, 5, 89, 101, 167
What are the prime factors of 3860916?
2, 3, 321743
What are the prime factors of 171339?
3, 7, 41, 199
List the prime factors of 5256762.
2, 3, 7, 47, 2663
What are the prime factors of 166921?
71, 2351
List the prime factors of 6984263.
11, 13, 17
What are the prime factors of 213142?
2, 19, 71, 79
List the prime factors of 1996130.
2, 5, 433, 461
List the prime factors of 832184.
2, 17, 29, 211
What are the prime factors of 147197?
147197
List the prime factors of 303254.
2, 7, 21661
What are the prime factors of 2737584?
2, 3, 6337
List the prime factors of 327502.
2, 7, 149, 157
List the prime factors of 23774732.
2, 23, 258421
What are the prime factors of 628752?
2, 3, 13099
What are the prime factors of 11527915?
5, 7, 71, 4639
List the prime factors of 16052802.
2, 3, 2675467
List the prime factors of 440711.
440711
What are the prime factors of 3088302?
2, 3, 7, 23, 139
List the prime factors of 417236.
2, 104309
List the prime factors of 14015553.
3, 691, 6761
List the prime factors of 39189496.
2, 4898687
List the prime factors of 607572.
2, 3, 7, 2411
What are the prime factors of 6477834?
2, 3, 11, 61, 1609
List the prime factors of 4029319.
7, 82231
List the prime factors of 1681325.
5, 109, 617
List the prime factors of 6193478.
2, 3096739
What are the prime factors of 697090?
2, 5, 69709
List the prime factors of 1394650.
2, 5, 27893
List the prime factors of 152150.
2, 5, 17, 179
List the prime factors of 133433.
17, 47, 167
List the prime factors of 2730884.
2, 13, 52517
What are the prime factors of 3455794?
2, 17, 101641
What are the prime factors of 3207595?
5, 641519
List the prime factors of 775338.
2, 3, 129223
What are the prime factors of 132853?
7, 18979
List the prime factors of 980560.
2, 5, 7, 17, 103
List the prime factors of 326205.
3, 5, 11, 659
List the prime factors of 5001965.
5, 1000393
List the prime factors of 2291547.
3, 83, 9203
What are the prime factors of 2295770?
2, 5, 19, 43, 281
What are the prime factors of 720987?
3, 17, 67, 211
What are the prime factors of 52341?
3, 73, 239
What are the prime factors of 9563064?
2, 3, 7, 56923
List the prime factors of 1232543.
13, 94811
List the prime factors of 265037.
265037
List the prime factors of 18632.
2, 17, 137
List the prime factors of 189945.
3, 5, 7, 67
What are the prime factors of 423803?
423803
List the prime factors of 8014.
2, 4007
What are the prime factors of 12241368?
2, 3, 2099
What are the prime factors of 236617?
151, 1567
List the prime factors of 25884157.
13, 1991089
List the prime factors of 143852.
2, 35963
List the prime factors of 965523.
3, 13, 19, 1303
What are the prime factors of 327185?
5, 65437
List the prime factors of 116496.
2, 3, 809
What are the prime factors of 89425?
5, 7, 73
What are the prime factors of 18502580?
2, 5, 19, 23, 29, 73
List the prime factors of 1075518.
2, 3, 2213
What are the prime factors of 3503043?
3, 389227
What are the prime factors 